r when 26 is divided by k?
12
Let l(d) = d**3 - 7*d**2 - 3*d + 2. Calculate the remainder when l(8) is divided by 24.
18
Let x(s) = -s**3 - 3*s**2 - 6*s - 4. Let k be (4/6)/((-1)/18). Let q be 40/12*k/10. What is the remainder when x(q) is divided by 14?
8
Let q(h) = 9*h**2 - 3*h + 4. Let m be q(3). Suppose 0 = -5*t - 3*s + 386, t + 3*s = 2*s + m. Calculate the remainder when t is divided by 27.
25
Let v = 93 - -5. Suppose 0 = 3*p + 2*i - 91, -2*p - v = -6*p + 2*i. What is the remainder when 51 is divided by p?
24
Let t = 908 - 836. Suppose 0*k = -2*k + 30. What is the remainder when t is divided by k?
12
Let u(l) = 98*l**3 - 4*l**2 + 4*l + 1. Calculate the remainder when 394 is divided by u(1).
97
Calculate the remainder when 410 is divided by (24/(-7)*-1)/((-16)/(-392)).
74
Suppose -s = -14 - 15. Let w = s - 18. What is the remainder when ((-3)/1 - 40)/(-1) is divided by w?
10
Suppose 5*s - 166 = 99. What is the remainder when s is divided by 29?
24
Let c(y) = -y + 1. Let d be c(-9). Let w = d - 2. Calculate the remainder when (3*(-4)/(-24))/((-1)/(-60)) is divided by w.
6
Suppose 28 = -0*g - 4*g. Calculate the remainder when 15 is divided by (1 + 4)*g/(-7).
0
Let t(x) = -x - 6. Let f be t(0). Let w(y) = y + 6. Let o be w(f). Suppose u - 21 = -o*u. Calculate the remainder when u is divided by 12.
9
Let n(j) = -1 - 15 + 171*j - 176*j. What is the remainder when 46 is divided by n(-8)?
22
Let w(k) = -4*k**3 + 2*k - 6. Calculate the remainder when 304 is divided by w(-2).
18
Let y(f) = -f**2 - 53*f - 127. Calculate the remainder when y(-38) is divided by 19.
6
Let g(i) = -2*i**2 + 26*i - 8. Let l be g(9). Suppose -36 - l = -4*k. What is the remainder when k is divided by 14?
11
Let d(t) = 21*t - 1. Let i(h) = -21*h. Let z(c) = -4*d(c) - 3*i(c). What is the remainder when z(-3) is divided by 34?
33
Suppose 0*k = 8*k - 480. Suppose 57*h - 53*h = k. Calculate the remainder when h is divided by 4.
3
Let v(c) = c**3 - 6*c**2 + 7*c + 2. What is the remainder when 22 is divided by v(5)?
10
Let g be ((-3 - -3)/(-5))/3. Suppose g = -5*u + u - 5*x - 13, 4*x = -3*u - 11. What is the remainder when 8 is divided by u?
2
Let n = -3 - 28. Let x = 35 + n. Suppose 78 + 38 = x*t. Calculate the remainder when 56 is divided by t.
27
Suppose -432 = -2*z - 7*z. Calculate the remainder when 191 is divided by z.
47
Suppose 2*q - 1290 = -5*w, 3*w + 30*q = 27*q + 774. Calculate the remainder when w is divided by 72.
42
Let n be (-2 - 5/(-2))*10. Suppose -3*s + 16 - 4 = 0. Suppose 3*j + 5*a - 32 = 0, j + n*a = -0 + s. What is the remainder when 54 is divided by j?
12
Suppose -4*s + 48 = r + 3*r, 8 = -4*r. Suppose 4*k + 5*t + 220 = 0, 0*k + 3*k - 4*t = -196. Let z = k - -100. What is the remainder when z is divided by s?
12
Calculate the remainder when 120 is divided by (5 + -1 - 50/15)*6.
0
Let n = 7 - -7. Let x = n + -11. What is the remainder when 10 is divided by x?
1
Calculate the remainder when ((-3570)/136)/((-3)/8) is divided by 8.
6
Let z(f) = -65*f + 330. Let q = -28 - -62. What is the remainder when z(3) is divided by q?
33
Suppose -3 = -k + 18. What is the remainder when k is divided by (-324)/(-189)*14/4?
3
Suppose -3*u = -4*i, -i - 3*i + 5*u + 8 = 0. Let y(c) = 5*c + 1 - 6*c - 5*c. What is the remainder when 54 is divided by y(i)?
16
Suppose 4*y + 4 = 0, -2*z + 5*y = 6*y - 7. Calculate the remainder when 94 is divided by z.
2
Suppose o - 2*o + 6 = 0. Suppose -5*i + l = o*l, -3*i = -2*l - 15. Suppose -v = 4*r + 1 - 8, 0 = -2*v + i*r + 3. What is the remainder when 9 is divided by v?
0
Let x(i) be the second derivative of 5*i**3/6 - 11*i**2/2 + 24*i. Calculate the remainder when 39 is divided by x(5).
11
What is the remainder when -1 - (-1904)/6 - 496/(-744) is divided by 10?
7
Suppose h - 38 = 5. Suppose -f + 18 = f. What is the remainder when h is divided by f?
7
Let k(r) = -r**2 + 9*r - 9. Calculate the remainder when (82/(-5))/(25/((-6000)/32)) is divided by k(6).
6
Let o = 204 + -3. Calculate the remainder when o is divided by 68.
65
Let a be (0 + 1)/((-3)/(-1296)*6). Suppose -c + 4*c = y - 18, a = 4*y + 2*c. What is the remainder when 50 is divided by y?
14
Suppose t = 5*t - 28. Let g = -1165 - -1197. What is the remainder when g is divided by t?
4
Let k(u) = u**2 - 11*u - 77. Calculate the remainder when 70 is divided by k(-6).
20
Suppose 141 = 5*m + 5*w - 49, 0 = 4*m + 5*w - 151. Suppose -63 + m = -s. What is the remainder when 43 is divided by s?
19
Suppose 0 = 5*q - 81 - 9. What is the remainder when 30 is divided by q?
12
Suppose 29*z - 52*z = -506. Suppose 4*d + 12 = 68. Calculate the remainder when z is divided by d.
8
Suppose -158 = -r + 5*l - 18, 4*r - 476 = -l. Suppose r = 4*t + 12. Suppose 4*q = 0, 0*v = 4*v - 3*q - 56. Calculate the remainder when t is divided by v.
13
Let n = -36 - -320. What is the remainder when n is divided by 97?
90
Let m = 853 + -753. What is the remainder when m is divided by 51?
49
Let t = -23 - -37. Let v(b) = b**2 - b + 1. Let a be v(2). What is the remainder when (-1*67)/((-3)/a) is divided by t?
11
Let g = -2215 - -3211. Calculate the remainder when g/8 - 2/4 is divided by 26.
20
Let b(g) = -1 + 2*g - 2 - 6*g + 7. What is the remainder when b(-7) is divided by 7?
4
Let p = -13 + 31. Suppose 27*q - 1497 = 771. Calculate the remainder when q is divided by p.
12
Let c(m) = -12 - 2*m + 4*m - 5*m - m**2 + 10. Let p be c(-2). Suppose -7*v + v + 126 = p. What is the remainder when v is divided by 12?
9
Let u(a) = -a**3 + 2*a + 17. Let j be u(0). Suppose x + 4 = j. Calculate the remainder when 36 is divided by x.
10
Let v(l) = l**3 + 3*l**2 - 4*l + 169. What is the remainder when v(0) is divided by 9?
7
Let p(l) = -l - 10. Let f be p(-12). Calculate the remainder when 43 is divided by (-3)/f*(-154)/21.
10
Let g(x) = x**2 + 8*x + 4. Let n be g(-8). Suppose -10*j + n*j = -258. Suppose 3*h - 4 = 2*z - 14, -2*z + 26 = h. What is the remainder when j is divided by z?
10
Suppose -896 = -57*q - 43 + 515. Calculate the remainder when (51/(-9))/((-1)/12) is divided by q.
20
Let t(a) = a**3 - 11*a**2 + 2*a + 48. Calculate the remainder when t(12) is divided by 32.
24
Suppose 512 = 12*q + 4*q. Calculate the remainder when 669 is divided by q.
29
Suppose -4*i + i = 3*n + 24, -5*n = 4*i + 34. Let j(s) = -s**3 - 6*s**2 - 2*s + 5. Calculate the remainder when (31/(-2))/((-3)/6) is divided by j(i).
14
Suppose 3*q - 3*u - 549 = 708, 3*q - 1241 = -5*u. Calculate the remainder when q is divided by 38.
37
Let c(w) = -w**3 + 6*w**2 - 3. Let p be c(6). Let k(r) = -2*r - 4. Let n be k(p). What is the remainder when (-3 - 15/n)*-2 is divided by 8?
5
Let w = 1241 + -1160. Let g(m) = 2*m - 5. Let z be g(-5). Let y = 36 + z. Calculate the remainder when w is divided by y.
18
Calculate the remainder when 204/8*((-10)/6 + 3) is divided by 7.
6
Suppose -2*h + 6*h = 24. Suppose 2*c + 3*w = -19, -3*c - 27 = 2*w - h. Calculate the remainder when (c/(-3))/((-5)/(-45)) is divided by 8.
7
Let n(i) = -i + 57. What is the remainder when n(16) is divided by 4?
1
Let i(b) = 3*b**2 - 5*b + 3. Suppose -13 = -6*z + 11. What is the remainder when 60 is divided by i(z)?
29
Suppose 19 = -2*d + v - 25, 0 = 3*v + 12. What is the remainder when 4*(-111)/d*4 is divided by 15?
14
Suppose -4*c + 72 = 4*g, 2*g - c - 27 = 3. Suppose 0 = -5*u + 2*y + 306, -4*u + 2*y + 238 = -3*y. Calculate the remainder when u is divided by g.
14
Let u(b) = -b**2 - 6*b. Let a be u(-3). Suppose -4*z = 3 + 9. Let h = z + a. Calculate the remainder when 17 is divided by h.
5
Suppose 2*s - 35 = 1. Let b(a) = a**2 - 11*a - 7. Let k be b(11). Calculate the remainder when (-483)/k - (-2 - -1) is divided by s.
16
Suppose 609 + 381 = 30*f. Let j(r) = r**2 - 2*r - 7. What is the remainder when f is divided by j(6)?
16
Let q(z) = -z**3 + 0*z**2 - 2 + 5*z**2 + 5*z + 3 + 7. Suppose -3*l - 2*l - 2*a + 15 = 0, 5*l - 50 = 5*a. What is the remainder when q(l) is divided by 9?
6
Let q(v) = 2*v**3 - 3*v**2 - 2*v + 4. Let y(h) = -h + 3. Let p be y(0). Suppose 34 = r - 14. Calculate the remainder when r is divided by q(p).
23
Suppose -k = -4*q + 71, q = 3*k + 2*k + 32. Let c be 6/(-8) + 393/12 + 4. What is the remainder when q is divided by -7*3*(-12)/c?
3
Suppose 10*n = -3*n + 442. Calculate the remainder w